17 a multiple of 13?
True
Is 29 a factor of 34215?
False
Does 29 divide 2250?
False
Does 13 divide 6344?
True
Is 1098 a multiple of 61?
True
Does 19 divide 730?
False
Is 2060 a multiple of 14?
False
Does 56 divide 11712?
False
Is 9568 a multiple of 52?
True
Is 233 a factor of 2330?
True
Does 214 divide 3638?
True
Is 11 a factor of 22869?
True
Does 9 divide 334?
False
Is 7 a factor of 708?
False
Is 14 a factor of 382?
False
Is 6 a factor of 1043?
False
Is 274 a factor of 44388?
True
Does 15 divide 7155?
True
Is 960 a multiple of 80?
True
Does 10 divide 308?
False
Is 5 a factor of 45?
True
Does 23 divide 3947?
False
Is 292 a multiple of 51?
False
Does 6 divide 996?
True
Is 114 a multiple of 57?
True
Is 19 a factor of 2322?
False
Does 31 divide 5508?
False
Is 22111 a multiple of 14?
False
Is 25974 a multiple of 32?
False
Does 4 divide 140?
True
Is 12 a multiple of 6?
True
Is 36946 a multiple of 203?
True
Does 23 divide 11178?
True
Is 8678 a multiple of 8?
False
Is 29 a factor of 4814?
True
Is 5905 a multiple of 39?
False
Is 10807 a multiple of 38?
False
Does 7 divide 10129?
True
Does 10 divide 2208?
False
Does 51 divide 29886?
True
Does 4 divide 3362?
False
Does 24 divide 26568?
True
Does 19 divide 29745?
False
Is 73 a factor of 2993?
True
Is 345 a multiple of 15?
True
Is 39 a factor of 624?
True
Is 4516 a multiple of 9?
False
Is 144 a factor of 17725?
False
Is 17 a factor of 21278?
False
Does 3 divide 757?
False
Is 4067 a multiple of 2?
False
Does 38 divide 76?
True
Does 3 divide 227?
False
Is 488 a multiple of 4?
True
Does 34 divide 4828?
True
Does 17 divide 3396?
False
Is 406 a multiple of 58?
True
Is 3673 a multiple of 27?
False
Does 20 divide 1437?
False
Does 24 divide 426?
False
Does 5 divide 570?
True
Is 2088 a multiple of 18?
True
Does 10 divide 340?
True
Is 28 a factor of 196?
True
Does 3 divide 261?
True
Is 15 a factor of 1483?
False
Is 51233 a multiple of 14?
False
Is 21420 a multiple of 68?
True
Does 50 divide 100?
True
Does 51 divide 1479?
True
Does 28 divide 196?
True
Is 88 a factor of 9553?
False
Is 8 a factor of 170?
False
Is 39574 a multiple of 115?
False
Is 2338 a multiple of 14?
True
Is 17 a factor of 21587?
False
Does 11 divide 7329?
False
Is 1650 a multiple of 3?
True
Does 25 divide 4675?
True
Is 23278 a multiple of 103?
True
Is 264 a multiple of 6?
True
Is 10708 a multiple of 6?
False
Does 19 divide 4910?
False
Is 118 a multiple of 59?
True
Is 4 a factor of 83?
False
Is 114 a factor of 255?
False
Does 7 divide 26936?
True
Does 14 divide 4242?
True
Is 14 a factor of 30996?
True
Is 1938 a multiple of 19?
True
Does 59 divide 11269?
True
Is 38832 a multiple of 48?
True
Is 18 a factor of 530?
False
Does 10 divide 310?
True
Is 9 a factor of 27?
True
Is 722 a multiple of 38?
True
Is 19948 a multiple of 5?
False
Does 283 divide 56317?
True
Is 38 a factor of 63615?
False
Does 12 divide 380?
False
Does 12 divide 516?
True
Is 8201 a multiple of 29?
False
Is 4993 a multiple of 14?
False
Does 12 divide 20328?
True
Does 61 divide 1216?
False
Is 16867 a multiple of 18?
False
Is 408 a multiple of 10?
False
Is 137 a factor of 46964?
False
Does 349 divide 53250?
False
Does 25 divide 107504?
False
Is 64 a factor of 324?
False
Is 260 a multiple of 4?
True
Does 175 divide 32884?
False
Is 81 a factor of 1620?
True
Is 10309 a multiple of 13?
True
Is 788 a multiple of 2?
True
Is 7236 a multiple of 54?
True
Is 25 a factor of 525?
True
Is 17 a factor of 1122?
True
Does 12 divide 4332?
True
Does 5 divide 212?
False
Does 61 divide 366?
True
Does 8 divide 1901?
False
Is 2 a factor of 10?
True
Does 97 divide 52283?
True
Does 11 divide 73148?
False
Does 12 divide 9012?
True
Is 53 a factor of 3410?
False
Does 48 divide 8784?
True
Is 24 a factor of 9426?
False
Is 775 a multiple of 25?
True
Is 5 a factor of 6743?
False
Is 908 a multiple of 16?
False
Is 64 a factor of 249?
False
Is 78 a factor of 6648?
False
Is 707 a multiple of 44?
False
Does 61 divide 9577?
True
Is 69707 a multiple of 72?
False
Is 15 a factor of 1125?
True
Does 43 divide 215?
True
Is 4488 a multiple of 51?
True
Does 35 divide 175?
True
Is 29 a factor of 1131?
True
Is 14 a factor of 36762?
False
Is 650 a multiple of 26?
True
Does 178 divide 33286?
True
Is 10 a factor of 11110?
True
Is 20366 a multiple of 17?
True
Is 3576 a multiple of 24?
True
Is 34 a factor of 2788?
True
Does 11 divide 8942?
False
Is 23 a factor of 174662?
True
Does 53 divide 28312?
False
Is 11 a factor of 7568?
True
Is 12405 a multiple of 3?
True
Is 7 a factor of 3633?
True
Is 561 a multiple of 9?
False
Is 180 a factor of 35820?
True
Is 1455 a multiple of 5?
True
Is 4151 a multiple of 12?
False
Is 275 a factor of 45925?
True
Is 141 a factor of 34291?
False
Is 9 a factor of 94?
False
Does 13 divide 7727?
False
Does 62 divide 8352?
False
Does 20 divide 58765?
False
Does 60 divide 8018?
False
Is 10 a factor of 21150?
True
Does 51 divide 100?
False
Does 10 divide 5340?
True
Is 10 a factor of 6040?
True
Is 12789 a multiple of 49?
True
Is 63 a factor of 26838?
True
Is 22390 a multiple of 14?
False
Does 2 divide 149?
False
Is 5 a factor of 874?
False
Is 2 a factor of 85?
False
Does 7 divide 667?
False
Is 8 a factor of 392?
True
Is 73 a factor of 45771?
True
Is 9 a factor of 2635?
False
Is 723 a multiple of 19?
False
Does 151 divide 6493?
True
Does 89 divide 8811?
True
Is 6700 a multiple of 11?
False
Does 17 divide 2149?
False
Does 5 divide 215?
True
Does 149 divide 12134?
False
Does 19 divide 1444?
True
Does 74 divide 9620?
True
Does 41 divide 451?
True
Is 20 a factor of 1421?
False
Does 70 divide 1120?
True
Does 22 divide 2576?
False
Is 8 a factor of 3870?
False
Does 4 divide 4429?
False
Is 76533 a multiple of 40?
False
Is 1120 a multiple of 32?
True
Is 54768 a multiple of 8?
True
Is 37 a factor of 20091?
True
Does 3 divide 1773?
True
Is 89 a factor of 76277?
False
Is 16 a factor of 512?
True
Is 49 a factor of 45031?
True
Is 10 a factor of 29645?
False
Does 13 divide 2852?
False
Does 29 divide 145?
True
Is 1403 a multiple of 11?
False
Is 3 a factor of 66?
True
Does 15 divide 330?
True
Is 883 a multiple of 3?
False
Is 13 a factor of 4095?
True
Does 9 divide 1231?
False
Is 16835 a multiple of 65?
True
Does 9 divide 630?
True
Is 113 a factor of 6215?
True
Does 50 divide 1915?
False
Is 4975 a multiple of 8?
False
Is 6150 a multiple of 15?
True
Is 31 a factor of 1979?
False
Is 7 a factor of 693?
True
Is 9 a factor of 47317?
False
Is 15 a factor of 41?
False
Is 1377 a multiple of 213?
False
Is 2256 a multiple of 16?
True
Is 769 a multiple of 13?
False
Does 30 divide 259?
False
Is 4 a factor of 54?
False
Is 361 a multiple of 19?
True
Is 17 a factor of 1025?
False
Is 65289 a multiple of 30?
False
Is 26 a factor of 232?
False
Is 1767 a multiple of 6?
False
Does 21 divide 1407?
True
Is 14 a factor of 154?
True
Does 141 divide 4402?
False
Is 6065 a multiple of 67?
False
Does 74 divide 2016?
False
Is 57 a factor of 8265?
True
Is 34545 a multiple of 15?
True
Is 32004 a multiple of 7?
True
Is 6768 a multiple of 4?
True
Does 14 divide 308?
True
Is 3307 a multiple of 20?
False
Does 9 divide 2799?
True
Does 54 divide 22267?
False
Is 22 a factor of 2772?
True
Is 573 a multiple of 80?
False
Is 11 a factor of 653?
False
Is 4200 a multiple of 15?
True
Does 59 divide 2360?
True
Is 4 a factor of 1762?
False
Is 21250 a multiple of 25?
True
Does 15 divide 767?
False
Does 20 divide 7458?
False
Is 91 a factor of 1929?
False
Is 35758 a multiple of 20?
False
Is 1179 a multiple of 21?
False
Does 2 divide 21?
False
Is 1098 a multiple of 122?
True
Does 109 divide 1573?
False
Does 11 divide 2178?
True
Is 5146 a multiple of 62?
True
Is 25968 a multiple of 16?
True
Is 7 a factor of 322?
True
Is 322 a multiple of 10?
False
Is 26 a factor of 256?
False
Does 21 divide 126?
True
Is 208 a factor of 7410?
False
Is 2 a factor of 106?
True
Is 66344 a multiple of 160?
False
Is 8140 a multiple of 34?
False
Is 27 a factor of 3914?
False
Does 5 divide 5465?
True
Does 29 divide 5570?
False
Does 147 divide 4116?
True
Is 2913 a multiple of 35?
False
Is 23420 a multiple of 203?
False
Does 22 divide 286?
True
Is 109 a factor of 26203?
False
Is 2750 a multiple of 125?
True
Is 10 a factor of 17710?
True
Is 3 a factor of 840?
True
Is 103 even?
False
Does 15 divide 330?
True
Doe